or of 3712 and 52287?
29
Calculate the highest common divisor of 770 and 23276022.
154
What is the highest common divisor of 674713 and 20009?
17
Calculate the greatest common divisor of 11759635 and 3760.
235
What is the highest common divisor of 4371 and 34555669?
1457
What is the greatest common divisor of 87 and 121596?
3
Calculate the greatest common factor of 1465038 and 136713.
597
What is the highest common factor of 561358 and 195721?
397
What is the greatest common factor of 2550 and 5915915?
85
What is the highest common factor of 7361761 and 33638?
121
What is the highest common divisor of 12 and 180034548?
12
What is the highest common factor of 188625 and 478875?
375
Calculate the greatest common factor of 16278128 and 16.
16
Calculate the greatest common factor of 429 and 1096251.
39
What is the greatest common factor of 20263 and 3889615?
881
What is the highest common factor of 230632 and 1352296?
1016
Calculate the greatest common factor of 14596 and 688.
4
Calculate the greatest common divisor of 504 and 135243816.
24
Calculate the highest common divisor of 857 and 109484321.
857
What is the greatest common factor of 3772179 and 6039?
549
Calculate the greatest common divisor of 171632 and 38573.
17
Calculate the greatest common divisor of 1107795820 and 20.
20
Calculate the highest common divisor of 6588 and 20476.
4
Calculate the greatest common factor of 519 and 1095366627.
519
Calculate the highest common divisor of 2210 and 29104595.
1105
Calculate the highest common factor of 23648017 and 106.
53
Calculate the highest common divisor of 615 and 77190.
15
Calculate the greatest common divisor of 6724 and 8570558.
82
What is the highest common divisor of 13749773 and 5802?
967
Calculate the greatest common factor of 7453381 and 100061.
2327
Calculate the highest common factor of 5516 and 30564884.
28
What is the greatest common factor of 3945793 and 10286?
139
What is the greatest common factor of 450 and 989730?
90
Calculate the highest common factor of 1023787 and 3707331.
1247
What is the highest common factor of 2100524 and 12?
4
Calculate the highest common factor of 558 and 21564378.
18
Calculate the greatest common divisor of 211408 and 371774.
362
Calculate the greatest common divisor of 34 and 2711174.
2
Calculate the greatest common divisor of 1567580 and 3500.
140
What is the highest common divisor of 52902931 and 203?
29
What is the greatest common factor of 47997281 and 1460?
73
Calculate the highest common factor of 753580 and 855260.
820
Calculate the greatest common divisor of 124024 and 778776.
296
Calculate the highest common divisor of 305 and 98139667.
61
Calculate the greatest common divisor of 21944 and 334.
2
What is the highest common factor of 30 and 136868840?
10
What is the highest common factor of 407 and 60324023?
37
Calculate the highest common factor of 3980404 and 2224.
556
Calculate the greatest common divisor of 3342174 and 788430.
3846
What is the greatest common factor of 650440 and 58765?
805
Calculate the highest common divisor of 877 and 36885743.
877
What is the greatest common factor of 972665648 and 32?
16
Calculate the highest common factor of 2412 and 2371532.
268
What is the highest common divisor of 3318 and 18591702?
474
Calculate the highest common divisor of 114127384 and 1304.
1304
What is the greatest common divisor of 184 and 35503536?
184
What is the greatest common divisor of 6413 and 10495484?
53
What is the greatest common factor of 3364048 and 69472?
2672
Calculate the highest common divisor of 11715 and 31064275.
3905
Calculate the highest common divisor of 2420938 and 806.
26
Calculate the greatest common factor of 1072140 and 1041324.
1284
Calculate the highest common factor of 306346506 and 984.
246
What is the greatest common divisor of 1449 and 937503?
1449
What is the greatest common factor of 128013634 and 140?
14
Calculate the highest common factor of 2713576 and 96113.
431
Calculate the highest common factor of 8216 and 482248.
104
What is the greatest common divisor of 7530 and 101412534?
1506
Calculate the highest common factor of 68738910 and 8930.
470
Calculate the highest common factor of 12023 and 281831.
11
What is the highest common factor of 76818 and 317874?
186
Calculate the greatest common divisor of 6897 and 283252.
19
Calculate the highest common divisor of 2168 and 64912.
8
What is the greatest common divisor of 452 and 67629596?
452
What is the highest common divisor of 1106682 and 1434?
6
Calculate the greatest common divisor of 213842920 and 80.
40
Calculate the greatest common factor of 2938 and 954172.
226
Calculate the greatest common factor of 53825528 and 518.
74
Calculate the highest common divisor of 2261 and 1388121.
133
What is the greatest common divisor of 640 and 21351296?
128
What is the greatest common divisor of 5619 and 12129548?
1873
What is the highest common factor of 68299 and 408177?
77
What is the greatest common factor of 45019 and 4422251?
3463
Calculate the highest common factor of 12586675 and 50.
25
Calculate the highest common divisor of 9138500 and 2107.
49
Calculate the greatest common factor of 9250 and 93055.
185
What is the highest common factor of 297 and 91175876?
11
What is the highest common factor of 292695 and 61560?
285
What is the greatest common factor of 167105796 and 99?
33
What is the greatest common divisor of 1093842 and 12462?
402
What is the highest common factor of 5313 and 3803349?
759
What is the greatest common factor of 12411806 and 88?
22
What is the greatest common factor of 8037 and 1966557?
57
What is the greatest common divisor of 215270 and 685?
5
Calculate the highest common divisor of 60649968 and 1968.
48
Calculate the greatest common divisor of 540 and 198802620.
540
What is the greatest common divisor of 21 and 76860588?
21
Calculate the highest common divisor of 1248 and 16284034.
26
Calculate the greatest common factor of 9021585 and 1215.
15
What is the highest common factor of 371607 and 4823229?
3831
What is the greatest common factor of 600 and 114672288?
24
What is the highest common divisor of 583902 and 18810?
198
What is the greatest common divisor of 1276 and 5575192?
116
What is the greatest common divisor of 1422 and 169542?
18
What is the highest common factor of 1175808 and 1296?
48
What is the highest common factor of 448 and 26106880?
64
What is the greatest common divisor of 391 and 368345?
23
What is the greatest common divisor of 6600599 and 30471?
1451
What is the highest common divisor of 6509460 and 136581?
159
What is the highest common divisor of 1499805 and 315?
45
Calculate the greatest common divisor of 1349751678 and 6666.
6666
Calculate the greatest common factor of 369648 and 24752.
272
What is the greatest common divisor of 26486065 and 86?
43
What is the greatest common divisor of 323 and 103048951?
323
Calculate the greatest common divisor of 189007623 and 4191.
381
What is the highest common divisor of 930680 and 131440?
2120
Calculate the highest common divisor of 489091 and 408640.
1277
What is the greatest common divisor of 18387 and 16276581?
2043
Calculate the highest common factor of 14088120 and 6080.
760
What is the highest common factor of 616940 and 1264618?
218
What is the greatest common divisor of 800 and 154748680?
40
Calculate the greatest common divisor of 384920 and 1715.
5
What is the greatest common divisor of 27 and 30367935?
9
Calculate the highest common divisor of 540 and 7247360.
20
What is the greatest common divisor of 149600438 and 411?
137
What is the highest common divisor of 19952779 and 847?
847
What is the highest common factor of 8260 and 3397324?
28
Calculate the highest common factor of 22587781 and 1972.
493
Calculate the highest common factor of 67388884 and 204.
68
Calculate the greatest common factor of 4361830 and 3762.
418
What is the greatest common divisor of 170346 and 22011?
957
What is the highest common divisor of 2619 and 610518?
291
Calculate the highest common divisor of 1245519 and 2683035.
4923
What is the greatest common factor of 5355 and 158355?
765
What is the highest common divisor of 148742 and 4598?
22
Calculate the highest common factor of 272490917 and 4535.
907
What is the h